hen 1154 is divided by 190?
14
What is the remainder when 194 is divided by 37?
9
What is the remainder when 76 is divided by 59?
17
Calculate the remainder when 44 is divided by 9.
8
What is the remainder when 4940 is divided by 81?
80
Calculate the remainder when 1960 is divided by 37.
36
What is the remainder when 435 is divided by 90?
75
What is the remainder when 161 is divided by 47?
20
Calculate the remainder when 39 is divided by 11.
6
What is the remainder when 350 is divided by 22?
20
What is the remainder when 7864 is divided by 57?
55
Calculate the remainder when 1914 is divided by 24.
18
What is the remainder when 622 is divided by 46?
24
What is the remainder when 655 is divided by 652?
3
Calculate the remainder when 21 is divided by 14.
7
Calculate the remainder when 6164 is divided by 8.
4
What is the remainder when 599 is divided by 14?
11
Calculate the remainder when 931 is divided by 93.
1
What is the remainder when 345 is divided by 23?
0
Calculate the remainder when 46 is divided by 38.
8
What is the remainder when 5120 is divided by 34?
20
What is the remainder when 58 is divided by 43?
15
What is the remainder when 186 is divided by 34?
16
What is the remainder when 3187 is divided by 20?
7
Calculate the remainder when 126 is divided by 39.
9
What is the remainder when 501 is divided by 70?
11
What is the remainder when 262 is divided by 127?
8
What is the remainder when 211 is divided by 105?
1
What is the remainder when 626 is divided by 33?
32
Calculate the remainder when 98 is divided by 46.
6
What is the remainder when 1109 is divided by 76?
45
Calculate the remainder when 102 is divided by 2.
0
What is the remainder when 6467 is divided by 84?
83
Calculate the remainder when 48683 is divided by 22.
19
Calculate the remainder when 231 is divided by 31.
14
What is the remainder when 10348 is divided by 46?
44
Calculate the remainder when 9 is divided by 6.
3
Calculate the remainder when 736 is divided by 39.
34
What is the remainder when 356 is divided by 95?
71
What is the remainder when 300 is divided by 83?
51
Calculate the remainder when 143 is divided by 16.
15
What is the remainder when 1699 is divided by 13?
9
What is the remainder when 13296 is divided by 122?
120
Calculate the remainder when 1778 is divided by 89.
87
Calculate the remainder when 1082 is divided by 314.
140
What is the remainder when 57 is divided by 20?
17
Calculate the remainder when 1515 is divided by 41.
39
What is the remainder when 1363 is divided by 21?
19
Calculate the remainder when 58 is divided by 15.
13
What is the remainder when 363 is divided by 118?
9
What is the remainder when 229 is divided by 172?
57
What is the remainder when 295 is divided by 25?
20
What is the remainder when 1276 is divided by 20?
16
What is the remainder when 532 is divided by 255?
22
What is the remainder when 3620 is divided by 26?
6
Calculate the remainder when 2369 is divided by 394.
5
Calculate the remainder when 33 is divided by 29.
4
Calculate the remainder when 3086 is divided by 21.
20
What is the remainder when 374 is divided by 32?
22
Calculate the remainder when 282 is divided by 130.
22
Calculate the remainder when 1593 is divided by 146.
133
What is the remainder when 110 is divided by 51?
8
Calculate the remainder when 212 is divided by 76.
60
What is the remainder when 1162 is divided by 236?
218
Calculate the remainder when 53 is divided by 9.
8
What is the remainder when 1063 is divided by 82?
79
Calculate the remainder when 816 is divided by 268.
12
What is the remainder when 162 is divided by 54?
0
What is the remainder when 163 is divided by 138?
25
Calculate the remainder when 103 is divided by 21.
19
What is the remainder when 75 is divided by 26?
23
Calculate the remainder when 42598 is divided by 14.
10
Calculate the remainder when 343 is divided by 45.
28
What is the remainder when 115 is divided by 110?
5
Calculate the remainder when 486 is divided by 99.
90
What is the remainder when 313 is divided by 64?
57
What is the remainder when 40 is divided by 7?
5
What is the remainder when 67 is divided by 67?
0
What is the remainder when 3426 is divided by 70?
66
Calculate the remainder when 127 is divided by 45.
37
Calculate the remainder when 876 is divided by 88.
84
What is the remainder when 529 is divided by 13?
9
What is the remainder when 808 is divided by 69?
49
Calculate the remainder when 213 is divided by 27.
24
What is the remainder when 1021 is divided by 334?
19
Calculate the remainder when 10497 is divided by 15.
12
Calculate the remainder when 493 is divided by 110.
53
Calculate the remainder when 452 is divided by 24.
20
What is the remainder when 1021 is divided by 14?
13
Calculate the remainder when 25442 is divided by 99.
98
Calculate the remainder when 10076 is divided by 210.
206
What is the remainder when 6255 is divided by 2083?
6
What is the remainder when 1566 is divided by 224?
222
What is the remainder when 260 is divided by 127?
6
Calculate the remainder when 202 is divided by 111.
91
What is the remainder when 86 is divided by 3?
2
What is the remainder when 305 is divided by 22?
19
Calculate the remainder when 35851 is divided by 182.
179
What is the remainder when 126 is divided by 32?
30
What is the remainder when 351 is divided by 167?
17
What is the remainder when 1228 is divided by 137?
132
What is the remainder when 41 is divided by 7?
6
What is the remainder when 86 is divided by 23?
17
What is the remainder when 1437 is divided by 376?
309
Calculate the remainder when 853 is divided by 57.
55
Calculate the remainder when 2106 is divided by 701.
3
What is the remainder when 725 is divided by 362?
1
What is the remainder when 171 is divided by 117?
54
Calculate the remainder when 642 is divided by 28.
26
What is the remainder when 95 is divided by 38?
19
What is the remainder when 289 is divided by 58?
57
What is the remainder when 169 is divided by 17?
16
What is the remainder when 1975 is divided by 15?
10
What is the remainder when 71 is divided by 11?
5
What is the remainder when 448 is divided by 149?
1
What is the remainder when 726 is divided by 701?
25
Calculate the remainder when 476 is divided by 385.
91
What is the remainder when 253 is divided by 46?
23
What is the remainder when 694 is divided by 29?
27
What is the remainder when 1359 is divided by 40?
39
Calculate the remainder when 3307 is divided by 472.
3
What is the remainder when 136 is divided by 7?
3
What is the remainder when 211 is divided by 53?
52
What is the remainder when 712 is divided by 42?
40
Calculate the remainder when 77 is divided by 12.
5
What is the remainder when 638 is divided by 64?
62
Calculate the remainder when 137 is divided by 42.
11
Calculate the remainder when 233 is divided by 50.
33
Calculate the remainder when 3097 is divided by 31.
28
What is the remainder when 110 is divided by 13?
6
What is the remainder when 1626 is divided by 2?
0
Calculate the remainder when 10194 is divided by 9.
6
What is the remainder when 294 is divided by 13?
8
Calculate the remainder when 152 is divided by 69.
14
Calculate the remainder when 1779 is divided by 89.
88
Calculate the remainder when 2361 is divided by 103.
95
Calculate the remainder when 1297 is divided by 259.
2
What is the remainder when 357 is divided by 12?
9
What is the remainder when 82 is divided by 45?
37
Calculate the remainder when 1331 is divided by 267.
263
Calculate the remainder when 196 is divided by 25.
21
Calculate the remainder when 394 is divided by 83.
62
Calculate the remainder when 50 is divided by 47.
3
Calculate the remainder when 133 is divided by 47.
39
Calculate the remainder when 801 is divided by 67.
64
What is the remainder when 226 is divided by 44?
6
What is the remainder when 224 is divided by 19?
15
What is the remainder when 998 is divided by 8?
6
What is the remainder when 86 is divided by 11?
9
Calculate the remainder when 348 is divided by 50.
48
What is the remainder when 7339 is divided by 31?
23
What is the remainder when 527 is divided by 106?
103
Calculate the remainder when 4273 is divided by 75.
73
Calculate the remainder when 836 is divided by 30.
26
What is the remainder when 102 is divided by 26?
24
What